 -1)/(-2). Let q be i*(-2 + 2 + -1). Is ((-14)/(-5))/(4/q) composite?
False
Let k = -18 - -1097. Is k a prime number?
False
Suppose -4*o = 2*w + 14, 5*w - 16 - 4 = o. Suppose -c - c - w*z = -272, c - 2*z = 129. Is c a composite number?
True
Suppose -4*i = -9*i - 270. Let d = i - -521. Is d a prime number?
True
Let s be 0 + ((-2)/1)/(-1). Suppose r + s*r = 759. Is r composite?
True
Let s be (0 - 56)*1 - -1. Let w = -36 - s. Is w composite?
False
Let o(f) = -f + 9. Let c be o(7). Suppose q = -u + 162, -4*q + q = -c*u - 481. Is q a composite number?
True
Let j(w) = -123*w**3 + w**2 - 2*w - 3. Is j(-2) prime?
False
Let j be 4/(-14) + (-64)/(-28). Let n be j + (-10)/1*4. Let q = n - -85. Is q prime?
True
Suppose -2*d = d + 2*g - 107, 4*d - g = 139. Suppose i - 32 = d. Is i prime?
True
Suppose 2*u - o - 25 = 0, 2*u + 2*o + 60 = 7*u. Let t = -3 + u. Suppose 0 = -s + t - 4. Is s a composite number?
False
Let k(s) = -s - 4. Let t be k(-4). Suppose 0*m - 2*m + 180 = t. Suppose 0 = 4*j + 14 - m. Is j a composite number?
False
Let g be 3/(6*1/8). Is (-2 - 44)*(-2)/g composite?
False
Suppose 5*j - j = q + 207, -3*j + 154 = -q. Is j prime?
True
Suppose u + 2*j - 559 = -0*j, 5*u + 3*j = 2774. Is u prime?
False
Let r = 958 - 547. Is r composite?
True
Let u = -49 + 84. Is u prime?
False
Let q(t) = -7*t**2 - t. Let r be q(-1). Is 134*((-15)/r + -2) prime?
True
Suppose 3*z + 122 = 4*d - 41, -12 = -4*z. Let t = d + -24. Is t a composite number?
False
Suppose 3*d = 5*t + 4668, 0*t + 12 = 4*t. Is d a prime number?
False
Let h = -24 + 26. Suppose -h*p = p - 381. Is p composite?
False
Is (-9 + 12)/(6/3778) prime?
True
Let d be (4 + (-4 - -2))/(-2). Let t = d - -4. Suppose 5*q - 3*q + 2 = 0, 4*q = -t*n + 29. Is n a prime number?
True
Suppose 3*k = 5*k + 6. Let w(v) = v**3 - 5*v**2 - 8*v + 1. Let r(a) = -a**3 + 5*a**2 + 9*a. Let x(t) = k*r(t) - 4*w(t). Is x(5) prime?
False
Suppose t = 5*t - 8. Suppose -46 + 4 = t*a. Let f = a - -42. Is f prime?
False
Suppose 3*w = b - 33, 3*w + 4*b = -2*w - 38. Let q(n) = n**2 + 9*n + 1. Is q(w) prime?
True
Suppose 205 = 2*w - 0*w + 5*p, 0 = 4*w + 2*p - 434. Suppose 19 = -k + w. Is k composite?
True
Is 406/1 + 9/3 composite?
False
Let x(k) = 3 + 4 - 2*k - 4 - 7. Let q be x(-4). Suppose -55 = -3*j - 5*o, q*j + o - 60 = -3*o. Is j prime?
False
Suppose -2*f = 0, -5*t - f - 20 = -5*f. Let i = t - -6. Suppose 253 = i*v - 489. Is v composite?
True
Let c(j) be the third derivative of j**5/60 + j**4/6 - 4*j**3/3 + j**2. Let u be c(-6). Suppose -u*l = -6*l + 118. Is l prime?
True
Let v(m) = m**3 + 6*m**2 - 6*m - 5. Let j be v(-6). Let p = j + -18. Is p prime?
True
Suppose 4*v = g + 4, -5*g = -g - 5*v - 17. Suppose -32 = -2*k - 0. Suppose -3*o = -g*o - 15, 0 = a - o - k. Is a a prime number?
True
Suppose -3*v - 9 = -6*v. Suppose 2*i - 82 = -v*f + 7*f, 140 = 4*i + 4*f. Is i prime?
True
Let j(d) be the first derivative of -d**3/3 + 3*d**2 + 6*d - 2. Let z be j(8). Is 2/z - 76/(-5) a prime number?
False
Suppose -j = -6*j - z + 13283, j + 3*z = 2651. Is j composite?
False
Let h = 344 - 189. Is h prime?
False
Let d(u) = 4*u**3 + u**2 + u. Let k be d(-1). Let z be k/14 - 130/(-14). Suppose -z - 24 = -3*r. Is r a prime number?
True
Let n(l) = -4*l - 6. Let r(s) = -s**2 - 7*s - 11. Let p(i) = 7*n(i) - 3*r(i). Is p(-7) a composite number?
True
Suppose -13 = -h - 4. Let z = 14 + h. Is z prime?
True
Is (128 + 4)*1 - 1 a prime number?
True
Let v be 665 - (48/(-4))/4. Is (-1)/(-5) - v/(-10) a composite number?
False
Is -4 - (-1)/2*454 prime?
True
Let v(h) = h**2 - 7*h + 4. Let g be v(7). Suppose -g*w + 214 = -102. Is w a composite number?
False
Suppose -4*p = -5*s - 10, -2*s - p + 0*p - 4 = 0. Let c(t) = t + 1. Let x be c(s). Is 46/(-4 + 2)*x prime?
True
Let f = 184 - 98. Is f prime?
False
Suppose -6 + 1 = -u. Suppose -4*c - 12 = u*w - 54, 5*c + 3*w = 46. Suppose -2*t = -c + 2. Is t a prime number?
True
Let w = 411 - 278. Let p = w - 94. Is p a composite number?
True
Suppose -6*t + t + 5*d + 410 = 0, -5*t - 3*d = -434. Is t prime?
False
Is (-50)/(-4)*1548/90 prime?
False
Let a(k) = 10*k**3 - k**2 + 2*k + 3. Is a(4) composite?
True
Let a = -514 - -1114. Let j = a - 63. Is j a composite number?
True
Is 4/16*0 - -47 composite?
False
Let m(l) be the third derivative of l**5/60 + 7*l**4/24 - 11*l**3/6 - 2*l**2. Is m(-9) prime?
True
Let h be 7/21 - 37/3. Is (4/h)/((-2)/762) prime?
True
Let f(c) = c**3 + 8*c**2 - 11*c + 1. Is f(-9) a composite number?
False
Let r = 18 - 27. Let f = 13 + -16. Is (-1)/f - 420/r prime?
True
Let y be (-75)/2*(2 - -2). Let b = y - 37. Let d = 336 + b. Is d a prime number?
True
Suppose -4*z = 4*m - 12, 0 = 5*m - 5*z + 3*z - 15. Suppose -m*k + 419 = -166. Suppose 4*r - k = r. Is r prime?
False
Suppose -4*n + 4*h = 16, 5 = -h + 2*h. Let b(x) = 26*x**3 - 1. Let s be b(n). Suppose 12 + s = v. Is v a prime number?
True
Let t(j) = 17*j + 12. Is t(5) prime?
True
Let q = -20 + 12. Let u(i) = -10*i + 17. Is u(q) prime?
True
Let k be -6*3/(-9)*2. Suppose -4*n + n - p + 157 = 0, 0 = p - k. Is n a prime number?
False
Let j = -19 + 312. Is j prime?
True
Let t = 49 - 21. Suppose -50 - t = -3*l. Is l a prime number?
False
Suppose 5*o - 75 = 5*m, 0 = -4*o - 3*m + 13 + 26. Let i = o + -7. Suppose 0 = -0*f + 3*f - i*n - 83, -4*f = -4*n - 116. Is f a prime number?
True
Let t = 1 + 1. Suppose -5*h = -139 - 3376. Suppose 282 = t*r - q, 3*r + 2*r - h = 3*q. Is r prime?
False
Let q(f) = f**3 + f**2 + f - 15. Let h be q(0). Let b be ((-20)/h)/((-2)/(-3)). Suppose -b*w = -83 - 239. Is w a prime number?
False
Suppose y + 5*m - 119 = 0, 0*y - 2*m - 703 = -5*y. Is y a prime number?
True
Let v = -4 - -12. Is (-54)/(-8) - (-2)/v prime?
True
Suppose 0 = 2*w - d - 22, -d + 4 = -0*d. Let j = w + 18. Is j a prime number?
True
Let o be -3*((-1 - 0) + 0). Suppose -o*l - 7 = -y + 7, 4 = -y. Is l/(-15) + (-1989)/(-15) prime?
False
Suppose -f + 3 = -4*f, w = 3*f + 54. Suppose -3*m + 4*m - w = 0. Is m prime?
False
Let a = 3176 - 1402. Is a a composite number?
True
Let o be -2 - (20 - (-2 + 3)). Let s = -15 - o. Is s composite?
True
Suppose 821 = -9*d + 3080. Is d a prime number?
True
Let l = -4 + 9. Suppose -2*b + l + 285 = 0. Is b prime?
False
Is 907/((16/12)/4) prime?
False
Suppose 3*r - 86 = -5*o, 3*o = 4*r + 25 - 101. Let u be r/5 + 2/(-5). Is ((-46)/u)/((-5)/10) prime?
True
Let x(l) = l**3 - 2*l**2 + l. Let h be x(1). Suppose -3*p = 3*f - 9, h = 4*p + 3 + 1. Is ((-20)/6)/(f/(-42)) prime?
False
Is (-4)/30 + (-3741)/(-45) composite?
False
Suppose -j - 285 = -48. Let i = -116 - j. Is i composite?
True
Let x(i) = -5*i**3 + i**2 + i + 6. Let w be x(-5). Suppose -3*k + w = -3*c - 21, -3*k + 4*c = -673. Is k a composite number?
False
Let a = 395 - 18. Is a a composite number?
True
Let r(o) be the third derivative of o**3 + 1/120*o**6 + 2*o**2 + 1/4*o**4 + 0 + 0*o - 7/60*o**5. Is r(6) prime?
False
Let f = 304 + -1010. Is -2*5/(20/f) composite?
False
Let d = -9 + 14. Suppose -a + 0 = -d. Suppose a*l = 7*c - 2*c + 55, 3*l - 4*c - 37 = 0. Is l a prime number?
True
Let y(l) = 12 - 5*l - 14*l - 9 + 1. Let m be y(-2). Is (-4)/3*m/(-4) prime?
False
Let x = 1549 + 28. Is x a composite number?
True
Let r be ((-18)/(-4))/(1/2). Is 9/6*1266/r a composite number?
False
Is (-514)/(-4)*(0 - (-5 + 3)) composite?
False
Let c(d) = 2*d**3 + 2*d**2 + 3*d + 1. Let o be c(5). Let n = o + -43. Suppose -4*t = 5*f - 639, -f + n + 48 = 2*t. Is t prime?
False
Let p(z) = 327*z**2 - 1. Let i be p(1). Let n = i - 195. Is n a composite number?
False
Suppose g - 1895 = -4*g. Is g a composite number?
False
Let p(z) = -11 - 12*z + 2*z**2 + 2 - 4*z**2 + z**2. Let b be p(-11). Suppose b*f - 98 = 4*v, 0 = 3*v - 2*v - 2. Is f prime?
True
Suppose 3*y - 670 = 4*k, y - 2*k - 314 + 90 = 0. Let s = 328 - 483. Let l = y + s. Is l a prime number?
True
Suppose n + 273 = 2*v - 112, -967 = -5*v + 4*n. Is v a prime number?
True
Suppose -l - x + 216 = 62, -3*x + 304 = 2*l. Let g = -87 + l. Is g composite?
False
Let u = 12097 - 2306. Is u composite?
False
Suppose 2*h - h = 2*x - 3664, -x - h + 1829 = 0. Let v = -1202 + x. Is v prime?
False
Let z(c) = -c**2 + 10*c + 3. Let u be z(14). Let v = -4 - u. Is v prime?
False
Let k(s) = -s**3 - 6*s**2 - s - 4. Let p = 13 + -19. Let r be k(p). Suppose -3*i - r*z = -151, -5*z - 19 = 2